{"id":47,"date":"2019-05-04T14:34:15","date_gmt":"2019-05-04T14:34:15","guid":{"rendered":"https:\/\/fius.de\/test2\/?page_id=47"},"modified":"2025-10-02T20:57:09","modified_gmt":"2025-10-02T18:57:09","slug":"vorkurs-theoretische-informatik","status":"publish","type":"page","link":"https:\/\/fius.de\/index.php\/studien-interessierte\/vorkurs-theoretische-informatik\/","title":{"rendered":"Vorkurs: Theoretische Informatik"},"content":{"rendered":"\n<p>Du studierst bald in einem der folgenden Studieng\u00e4nge?<\/p>\n\n\n\n<ul class=\"wp-block-list\">\n<li>Artificial Intelligence and Data Science<\/li>\n\n\n\n<li>Informatik<\/li>\n\n\n\n<li>Medieninformatik<\/li>\n\n\n\n<li>Software Engineering<\/li>\n\n\n\n<li>Maschinelle Sprachverarbeitung<\/li>\n\n\n\n<li>Wirtschaftsinformatik oder anderer informatiknaher Studiengang<\/li>\n<\/ul>\n\n\n\n<p>Dann bist Du bei uns genau richtig!<\/p>\n\n\n\n<p>Die Theoretische Informatik (\u201eTheo\u201c) ist ein Themengebiet der Informatik, das euch mindestens drei Semester begleiten wird und Grundlagen vermittelt, die in vielen unterschiedlichen Fachrichtungen (z. B. Elektrotechnik, IT-Sicherheit, K\u00fcnstliche Intelligenz, etc.) Verwendung finden.<\/p>\n\n\n\n<p>Da die Theoretische Informatik zu den anspruchsvolleren F\u00e4chern z\u00e4hlt, soll der Theo-Vorkurs euch den Einstieg ins Studium erleichtern. Wir, die Studierenden des Fachbereichs Informatik, bieten diesen Vorkurs f\u00fcr alle Studienanf\u00e4nger*innen kostenlos an.<\/p>\n\n\n\n<h2 class=\"wp-block-heading\">Vorkurs 2025<\/h2>\n\n\n\n<h2 class=\"wp-block-heading\" id=\"JVK-Ablauf\">Termin und Anmeldung<\/h2>\n\n\n\n<h2 class=\"wp-block-heading\">Zielgruppe<\/h2>\n\n\n\n<p>Der Theo-Vorkurs richtet sich an alle Erstsemester und erleichtert euch den Einstieg in die Logik und Diskreten Strukuren Vorlesung. <\/p>\n\n\n\n<p>Mehr Infos \u00fcber den Vorkurs werden in naher Zukunft auf dieser Seite erg\u00e4nzt.<\/p>\n\n\n\n<p>Der Vorkurs findet vom 30.09.2025 bis zum 2.10.2025 statt jeweils von 15-18 Uhr in den H\u00f6rs\u00e4len V38.01, V38.02 und V38.04 (<a href=\"https:\/\/www.openstreetmap.org\/?mlat=48.745514&amp;mlon=9.106725#map=19\/48.745514\/9.106725\">im Informatikgeb\u00e4ude<\/a>) statt. Ihr k\u00f6nnt einfach in den H\u00f6rsaal kommen, in dem ihr am Montag f\u00fcr die How-To Vortr\u00e4ge bereits wart oder euch nach belieben verteilen.<br>Du kannst dich <a href=\"https:\/\/pretix.fius.de\/ese-2025\/\">hier<\/a> anmelden oder einfach vorbei kommen.<\/p>\n\n\n\n<h2 class=\"wp-block-heading\">Ablauf<\/h2>\n\n\n\n<p>Wir starten immer um 15 Uhr, aufgeteilt auf die H\u00f6rs\u00e4le V38.04, V38.02 und V38.01<\/p>\n\n\n\n<p>Zu allen Tagen findet ihr folgenden im Vorfeld die Handout-Version der Folien in der u.a. die Aufgaben, die wir gemeinsam l\u00f6sen wollen. Nach den jeweiligen Tagen werden wir auch die Vollst\u00e4ndige Version der Folien hier hochladen.<\/p>\n\n\n<span class=\"important\" style=\"text-align: initial; margin-bottom: 1em;\">\n\n<h3 class=\"wp-block-heading\">Tag 1<\/h3>\n\n\n\n<ul class=\"wp-block-list\">\n<li>Mengen<\/li>\n\n\n\n<li>Aussagenlogik<\/li>\n\n\n\n<li>Beweise: Grundlagen<\/li>\n<\/ul>\n\n\n\n<p>\n<a href=\"https:\/\/fius.de\/wp-content\/uploads\/2025\/10\/day-1-handout.pdf\">[Handout]<\/a>\n<a href=\"https:\/\/fius.de\/wp-content\/uploads\/2025\/10\/day-1.pdf\">[Folien inkl. L\u00f6sungen]<\/a>\n<\/p>\n\n<\/span>\n\n<span class=\"important\" style=\"text-align: initial; margin-bottom: 1em;\">\n\n<h3 class=\"wp-block-heading\">Tag 2<\/h3>\n\n\n\n<ul class=\"wp-block-list\">\n<li>Beweisen<\/li>\n\n\n\n<li>Mengenbeweise<\/li>\n<\/ul>\n\n\n\n<p>\n<a href=\"https:\/\/fius.de\/wp-content\/uploads\/2025\/10\/day-2-handout.pdf\">[Handout]<\/a>\n<a href=\"https:\/\/fius.de\/wp-content\/uploads\/2025\/10\/day-2.pdf\">[Folien inkl. L\u00f6sungen]<\/a>\n<\/p>\n\n\n<\/span>\n<span class=\"important\" style=\"text-align: initial; margin-bottom: 1em;\">\n\n<h3 class=\"wp-block-heading\">Tag 3<\/h3>\n\n\n\n<ul class=\"wp-block-list\">\n<li>Vollst\u00e4ndige Induktion<\/li>\n\n\n\n<li>Pr\u00e4dikatenlogik<\/li>\n\n\n\n<li>Modulare Arithmetik<\/li>\n<\/ul>\n\n\n\n<p>\n<a href=\"https:\/\/fius.de\/wp-content\/uploads\/2025\/10\/day-3-handout.pdf\">[Handout]<\/a>\n<a href=\"https:\/\/fius.de\/wp-content\/uploads\/2025\/10\/day-3.pdf\">[Folien inkl. L\u00f6sungen]<\/a>\n<\/p>\n\n\n<\/span>\n\n\n<h2 class=\"wp-block-heading\">N\u00f6tige Materialien<\/h2>\n\n\n\n<p>Wir empfehlen euch, etwas zum schreiben (Papier + Stift, Laptop mit Stifteingabe, &#8230;) mitzubringen, da wir gemeinsam Aufgaben l\u00f6sen werden.<\/p>\n\n\n\n<p>Ihr findet die Handout-Version der Folien immer im Vorfeld oben unter &#8222;Ablauf&#8220;, damit ihr nicht alles Ab-\/Mitschreiben m\u00fcsst.<\/p>\n\n\n\n<h2 class=\"wp-block-heading\">Kontaktinfos<\/h2>\n\n\n\n<p>Wenn ihr weitere Fragen habt, k\u00f6nnt ihr sie an <strong><a href=\"mailto:ak-theo@fius.de\">ak-theo@fius.de<\/a><\/strong> senden. Wir beantworten sie so schnell wie m\u00f6glich. Au\u00dferdem k\u00f6nnt ihr gern im Fachgruppenraum (Raum 0.001) vorbeischauen. Dieser ist in der Regel, auch in den Semesterferien, besetzt \ud83d\ude42<\/p>\n\n\n\n<blockquote class=\"wp-block-quote is-layout-flow wp-block-quote-is-layout-flow\">\n<p class=\"important\">Schaut auch bei dem <a href=\"https:\/\/fius.de\/index.php\/studien-interessierte\/pse-vorkurs\/\" data-type=\"page\" data-id=\"37\">PSE Vorkurs<\/a> vorbei!<\/p>\n<\/blockquote>\n","protected":false},"excerpt":{"rendered":"<p>Du studierst bald in einem der folgenden Studieng\u00e4nge? Dann bist Du bei uns genau richtig! Die Theoretische Informatik (\u201eTheo\u201c) ist ein Themengebiet der Informatik, das euch mindestens drei Semester begleiten wird und Grundlagen vermittelt, die in vielen unterschiedlichen Fachrichtungen (z. B. Elektrotechnik, IT-Sicherheit, K\u00fcnstliche Intelligenz, etc.) Verwendung finden. Da die Theoretische Informatik zu den anspruchsvolleren [&hellip;]<\/p>\n","protected":false},"author":4,"featured_media":0,"parent":29,"menu_order":0,"comment_status":"closed","ping_status":"closed","template":"","meta":{"footnotes":""},"class_list":["post-47","page","type-page","status-publish","hentry","wpbf-post"],"_links":{"self":[{"href":"https:\/\/fius.de\/index.php\/wp-json\/wp\/v2\/pages\/47","targetHints":{"allow":["GET"]}}],"collection":[{"href":"https:\/\/fius.de\/index.php\/wp-json\/wp\/v2\/pages"}],"about":[{"href":"https:\/\/fius.de\/index.php\/wp-json\/wp\/v2\/types\/page"}],"author":[{"embeddable":true,"href":"https:\/\/fius.de\/index.php\/wp-json\/wp\/v2\/users\/4"}],"replies":[{"embeddable":true,"href":"https:\/\/fius.de\/index.php\/wp-json\/wp\/v2\/comments?post=47"}],"version-history":[{"count":141,"href":"https:\/\/fius.de\/index.php\/wp-json\/wp\/v2\/pages\/47\/revisions"}],"predecessor-version":[{"id":3583,"href":"https:\/\/fius.de\/index.php\/wp-json\/wp\/v2\/pages\/47\/revisions\/3583"}],"up":[{"embeddable":true,"href":"https:\/\/fius.de\/index.php\/wp-json\/wp\/v2\/pages\/29"}],"wp:attachment":[{"href":"https:\/\/fius.de\/index.php\/wp-json\/wp\/v2\/media?parent=47"}],"curies":[{"name":"wp","href":"https:\/\/api.w.org\/{rel}","templated":true}]}}