{"id":37,"date":"2019-05-04T14:32:16","date_gmt":"2019-05-04T14:32:16","guid":{"rendered":"https:\/\/fius.de\/test2\/?page_id=37"},"modified":"2025-09-17T21:28:41","modified_gmt":"2025-09-17T19:28:41","slug":"pse-vorkurs","status":"publish","type":"page","link":"https:\/\/fius.de\/index.php\/studien-interessierte\/pse-vorkurs\/","title":{"rendered":"Vorkurs: Programmierung und Softwareentwicklung"},"content":{"rendered":"\n<p>Du studierst bald bei uns an der Fakult\u00e4t 5?<br>Dann bist du bei uns genau richtig!<\/p>\n\n\n\n<p>Der PSE-Vorkurs soll den Einstieg in das Studium erleichtern. PSE is hierbei der Name des Moduls Programmierung und Softwareentwicklung im ersten Semester. Dazu bieten wir f\u00fcr alle Studienanf\u00e4nger und Studienanf\u00e4ngerinnen der Informatikstudieng\u00e4nge diesen Vorkurs an. Der PSE-Vorkurs wird kostenlos von Studis aus verschiedenen Semestern und Studieng\u00e4ngen veranstaltet. <\/p>\n\n\n\n<h2 class=\"wp-block-heading\" id=\"JVK-Ablauf\">Termin und Anmeldung<\/h2>\n\n\n\n<p>Der Vorkurs findet im H\u00f6rsaal 38.01 (Informatikgeb\u00e4ude), vom 6.10. bis zum 10.10 statt jeweils von 13-17 Uhr. <br>Du kannst dich <a href=\"https:\/\/pretix.fius.de\/ese-2025\/\">hier<\/a> anmelden.<\/p>\n\n\n\n<h2 class=\"wp-block-heading\">Zielgruppe<\/h2>\n\n\n\n<p>Der PSE-Vorkurs richtet sich an alle Erstsemester und erleichtert euch den Einstieg in die PSE Vorlesung. Gemeinsam installieren wir wichtige Tools f\u00fcrs Studium und bringen euch die Themen der PSE n\u00e4her. Daf\u00fcr werden wir mit euch sowohl leichte Aufgaben zum Einstieg als auch knifflige Aufgaben f\u00fcr Highperformer machen. Zudem ist der Vorkurs eine gute Chance andere Studis kennenzulernen.<\/p>\n\n\n\n<p>Ganz nach unserem Motto: \u201ePSE Zeit ist Grillzeit\u201c gibt es am Montag anschlie\u00dfend zu dem Vorkurs ne dicke Grillerei. Au\u00dferdem gibt es im laufe der Erstsemestereinf\u00fchrung zahlreiche Sozial Events, welche auch an den Vorkurs anschlie\u00dfen.<\/p>\n\n\n\n<h2 class=\"wp-block-heading\">Folien und \u00dcbungsbl\u00e4tter<\/h2>\n\n\n\n<blockquote class=\"wp-block-quote is-layout-flow wp-block-quote-is-layout-flow\">\n<p>Die Folien und \u00dcbungsbl\u00e4tter zum Vorkurs findest du <a href=\"https:\/\/fius.de\/index.php\/jvk-folien\/\" data-type=\"page\" data-id=\"3496\">hier<\/a><\/p>\n<\/blockquote>\n\n\n\n<h2 class=\"wp-block-heading\">FAQ<\/h2>\n\n\n\n<h4 class=\"wp-block-heading\">F\u00e4llt der Java-Vorkurs mit dem Mint-Mathe Vorkurs zusammen?<\/h4>\n\n\n\n<p>Nein: Der MINT Vorkurs ist eine Woche vorher.<\/p>\n\n\n\n<h4 class=\"wp-block-heading\">Wann findet der Vorkurs genau statt?<\/h4>\n\n\n\n<p>6.10 &#8211; 10.10 13-17 Uhr<\/p>\n\n\n\n<h4 class=\"wp-block-heading\">Wie kann ich mich f\u00fcr diesen Vorkurs anmelden?<\/h4>\n\n\n\n<p>Du kannst dich <a href=\"https:\/\/pretix.fius.de\/ese-2025\/\">hier<\/a> anmelden.<\/p>\n\n\n\n<h4 class=\"wp-block-heading\">Kostet der Java-Vorkurs Geld?<\/h4>\n\n\n\n<p>Nein, er wird ehrenamtlich von Studenten aus h\u00f6heren Semestern veranstaltet.<\/p>\n\n\n\n<h4 class=\"wp-block-heading\">Soll ich einen eigenen Laptop mitbringen?<\/h4>\n\n\n\n<p>Ja, aber wenn das f\u00fcr dich nicht m\u00f6glich ist, haben wir auch Rechner vor Ort.<\/p>\n\n\n\n<h4 class=\"wp-block-heading\">Muss ich etwas auf meinem Notebook installiert haben, wenn ich es mitbringen m\u00f6chte?<\/h4>\n\n\n\n<p>Nein, musst du nicht.<\/p>\n\n\n\n<h4 class=\"wp-block-heading\">Gibt es Strom an den Pl\u00e4tzen?<\/h4>\n\n\n\n<p>Ja, es gibt an jedem Platz Strom. <\/p>\n\n\n\n<blockquote class=\"wp-block-quote is-layout-flow wp-block-quote-is-layout-flow\">\n<p class=\"important\">Schaut auch bei dem <a href=\"https:\/\/fius.de\/index.php\/studien-interessierte\/vorkurs-theoretische-informatik\/\">Theo Vorkurs<\/a> vorbei!<\/p>\n<\/blockquote>\n\n\n\n<h2 class=\"wp-block-heading\">Kontaktinfos<\/h2>\n\n\n\n<p>Am besten erreicht man den Arbeitskreis Java-Vorkurs \u00fcber die <code><a href=\"mailto:ak-jv@fius.de\">MAILINGLISTE<\/a><\/code>.<\/p>\n\n\n\n<p><\/p>\n","protected":false},"excerpt":{"rendered":"<p>Du studierst bald bei uns an der Fakult\u00e4t 5?Dann bist du bei uns genau richtig! Der PSE-Vorkurs soll den Einstieg in das Studium erleichtern. PSE is hierbei der Name des Moduls Programmierung und Softwareentwicklung im ersten Semester. Dazu bieten wir f\u00fcr alle Studienanf\u00e4nger und Studienanf\u00e4ngerinnen der Informatikstudieng\u00e4nge diesen Vorkurs an. Der PSE-Vorkurs wird kostenlos von [&hellip;]<\/p>\n","protected":false},"author":4,"featured_media":0,"parent":29,"menu_order":0,"comment_status":"closed","ping_status":"closed","template":"","meta":{"footnotes":""},"class_list":["post-37","page","type-page","status-publish","hentry","wpbf-post"],"_links":{"self":[{"href":"https:\/\/fius.de\/index.php\/wp-json\/wp\/v2\/pages\/37","targetHints":{"allow":["GET"]}}],"collection":[{"href":"https:\/\/fius.de\/index.php\/wp-json\/wp\/v2\/pages"}],"about":[{"href":"https:\/\/fius.de\/index.php\/wp-json\/wp\/v2\/types\/page"}],"author":[{"embeddable":true,"href":"https:\/\/fius.de\/index.php\/wp-json\/wp\/v2\/users\/4"}],"replies":[{"embeddable":true,"href":"https:\/\/fius.de\/index.php\/wp-json\/wp\/v2\/comments?post=37"}],"version-history":[{"count":76,"href":"https:\/\/fius.de\/index.php\/wp-json\/wp\/v2\/pages\/37\/revisions"}],"predecessor-version":[{"id":3508,"href":"https:\/\/fius.de\/index.php\/wp-json\/wp\/v2\/pages\/37\/revisions\/3508"}],"up":[{"embeddable":true,"href":"https:\/\/fius.de\/index.php\/wp-json\/wp\/v2\/pages\/29"}],"wp:attachment":[{"href":"https:\/\/fius.de\/index.php\/wp-json\/wp\/v2\/media?parent=37"}],"curies":[{"name":"wp","href":"https:\/\/api.w.org\/{rel}","templated":true}]}}