{"id":3398,"date":"2025-08-06T16:08:21","date_gmt":"2025-08-06T14:08:21","guid":{"rendered":"https:\/\/fius.de\/?page_id=3398"},"modified":"2025-08-11T16:14:41","modified_gmt":"2025-08-11T14:14:41","slug":"erstsemestereinfuehrung-helfer","status":"publish","type":"page","link":"https:\/\/fius.de\/index.php\/erstsemestereinfuehrung-helfer\/","title":{"rendered":"Erstsemestereinf\u00fchrung Helfer"},"content":{"rendered":"\n<div class=\"wp-block-group is-layout-constrained wp-block-group-is-layout-constrained\">\n<div class=\"wp-block-group is-layout-constrained wp-block-group-is-layout-constrained\">\n<div class=\"wp-block-columns is-layout-flex wp-container-core-columns-is-layout-28f84493 wp-block-columns-is-layout-flex\">\n<div class=\"wp-block-column is-vertically-aligned-top has-vivid-cyan-blue-background-color has-background is-layout-flow wp-block-column-is-layout-flow\">\n            \n\n<p id=\"random-text\" class=\"has-white-color has-vivid-cyan-blue-background-color has-text-color has-background has-link-color has-large-font-size wp-elements-fe39f0ce870b6c0ab81e27f3c1c184fe\" style=\"border-style:none;border-width:0px;padding-top:0;padding-bottom:0\">\n                <br>\n                <img loading=\"lazy\" decoding=\"async\" width=\"100\" height=\"141\" class=\"wp-image-3414\" style=\"width: 100px;\" src=\"https:\/\/fius.de\/wp-content\/uploads\/2025\/08\/FIUS-ESE-Werbung2.png\" alt=\"\" srcset=\"https:\/\/fius.de\/wp-content\/uploads\/2025\/08\/FIUS-ESE-Werbung2.png 1414w, https:\/\/fius.de\/wp-content\/uploads\/2025\/08\/FIUS-ESE-Werbung2-212x300.png 212w, https:\/\/fius.de\/wp-content\/uploads\/2025\/08\/FIUS-ESE-Werbung2-768x1086.png 768w, https:\/\/fius.de\/wp-content\/uploads\/2025\/08\/FIUS-ESE-Werbung2-1086x1536.png 1086w\" sizes=\"auto, (max-width: 100px) 100vw, 100px\" \/>\n                <br>\n            <\/p>\n\n            <script>\n            document.addEventListener(\"DOMContentLoaded\", function() {\n                const messages = [\n                    \"Hast du Lust, den neuen Erstis beim Studiumseinstieg zu helfen?<br>Perfekt! Wir haben einen PSE- und einen Theo-Vorkurs, bei denen du gerne unterst\u00fctzen kannst.\",\n                    \"Unser Uni-System startet nur mit dir!<br>Werde Teil des Teams und unterst\u00fctze die Erstsemestereinf\u00fchrung bei den PSE- und Theo-Vorkursen.\",\n                    \"Systemfehler: VolunteerDriver.sys nicht installiert.<br>Ohne diesen Treiber kann die Erstsemestereinf\u00fchrung nicht abgeschlossen werden.<br>Wir suchen Helfer*innen f\u00fcr PSE- und Theo-Vorkurse, daher installiere dich noch heute ins Team.\",\n                    \"Helfer-Puffer ist leer.<br>Die Erstsemestereinf\u00fchrung ben\u00f6tigt sofortige Unterst\u00fctzungseingabe.<br>F\u00fcge dich ins Team ein, um die Stabilit\u00e4t bei den PSE- und Theo-Vorkursen wiederherzustellen.\",\n                    \"Fehler: helper_module.dll fehlt.<br>Ohne dich kann der Bootvorgang der Erstsemestereinf\u00fchrung nicht fortgesetzt werden.<br>Starte jetzt als Helfer*in bei den PSE- und Theo-Vorkursen durch.\",\n                    \"Bootvorgang f\u00fcr die Erstsemestereinf\u00fchrung pausiert.<br>Ben\u00f6tigtes Modul: support_team.sys<br>F\u00fcge dich jetzt ins Helfer-System bei den PSE- und Theo-Vorkursen ein, um den Prozess fortzusetzen.\",\n                    \"Energielevel niedrig.<br>Die Erstsemestereinf\u00fchrung ben\u00f6tigt dringend Power von motivierten Helfer*innen f\u00fcr PSE- und Theo-Vorkurse.<br>Schlie\u00dfe dich an, um den Akku wieder aufzuladen.\"\n                ];\n                const randomIndex = Math.floor(Math.random() * messages.length);\n                document.getElementById(\"random-text\").innerHTML += messages[randomIndex];\n            });\n            <\/script>\n            \n\n<div class=\"wp-block-columns is-layout-flex wp-container-core-columns-is-layout-28f84493 wp-block-columns-is-layout-flex\">\n                \n\n<div class=\"wp-block-column is-layout-flow wp-block-column-is-layout-flow\" style=\"flex-basis:33.33%\">\n                    \n\n<figure class=\"wp-block-image aligncenter size-full is-resized has-custom-border\" style=\"margin-right:0;margin-left:0\">\n                        <img loading=\"lazy\" decoding=\"async\" width=\"1414\" height=\"2000\" src=\"https:\/\/fius.de\/wp-content\/uploads\/2025\/08\/FIUS-ESE-Werbung3-1.png\" alt=\"\" class=\"wp-image-3416\" style=\"border-style:none;border-width:0px;width:193px;height:auto\" srcset=\"https:\/\/fius.de\/wp-content\/uploads\/2025\/08\/FIUS-ESE-Werbung3-1.png 1414w, https:\/\/fius.de\/wp-content\/uploads\/2025\/08\/FIUS-ESE-Werbung3-1-212x300.png 212w, https:\/\/fius.de\/wp-content\/uploads\/2025\/08\/FIUS-ESE-Werbung3-1-768x1086.png 768w, https:\/\/fius.de\/wp-content\/uploads\/2025\/08\/FIUS-ESE-Werbung3-1-1086x1536.png 1086w\" sizes=\"auto, (max-width: 1414px) 100vw, 1414px\" \/>\n                    <\/figure>\n\n                <\/div>\n\n                \n\n<div class=\"wp-block-column is-vertically-aligned-center is-layout-flow wp-block-column-is-layout-flow\" style=\"padding-right:0;padding-left:0;flex-basis:99%\">\n                    \n\n<p class=\"has-text-align-left has-white-color has-vivid-cyan-blue-background-color has-text-color has-background has-link-color has-large-font-size wp-elements-6d2abecb7a2318cea710fb232d0b8b89\" style=\"border-style:none;border-width:0px\">\n                        Melde dich einfach bei @ArnisMyszkier oder @triin_erala auf Telegram, oder per Mail unter triin.erala@fius.de und arnis.myszkier@fius.de<br>\n                    <\/p>\n\n                <\/div>\n\n            <\/div>\n\n        <\/div>\n<\/div>\n<\/div>\n<\/div>\n","protected":false},"excerpt":{"rendered":"<p>Melde dich einfach bei @ArnisMyszkier oder @triin_erala auf Telegram, oder per Mail unter triin.erala@fius.de und arnis.myszkier@fius.de<\/p>\n","protected":false},"author":16,"featured_media":0,"parent":0,"menu_order":0,"comment_status":"closed","ping_status":"closed","template":"","meta":{"footnotes":""},"class_list":["post-3398","page","type-page","status-publish","hentry","wpbf-post"],"_links":{"self":[{"href":"https:\/\/fius.de\/index.php\/wp-json\/wp\/v2\/pages\/3398","targetHints":{"allow":["GET"]}}],"collection":[{"href":"https:\/\/fius.de\/index.php\/wp-json\/wp\/v2\/pages"}],"about":[{"href":"https:\/\/fius.de\/index.php\/wp-json\/wp\/v2\/types\/page"}],"author":[{"embeddable":true,"href":"https:\/\/fius.de\/index.php\/wp-json\/wp\/v2\/users\/16"}],"replies":[{"embeddable":true,"href":"https:\/\/fius.de\/index.php\/wp-json\/wp\/v2\/comments?post=3398"}],"version-history":[{"count":24,"href":"https:\/\/fius.de\/index.php\/wp-json\/wp\/v2\/pages\/3398\/revisions"}],"predecessor-version":[{"id":3459,"href":"https:\/\/fius.de\/index.php\/wp-json\/wp\/v2\/pages\/3398\/revisions\/3459"}],"wp:attachment":[{"href":"https:\/\/fius.de\/index.php\/wp-json\/wp\/v2\/media?parent=3398"}],"curies":[{"name":"wp","href":"https:\/\/api.w.org\/{rel}","templated":true}]}}