{"id":2993,"date":"2024-01-23T15:48:29","date_gmt":"2024-01-23T14:48:29","guid":{"rendered":"https:\/\/fius.de\/?page_id=2993"},"modified":"2025-05-03T15:33:03","modified_gmt":"2025-05-03T13:33:03","slug":"social-informations-kanaele","status":"publish","type":"page","link":"https:\/\/fius.de\/index.php\/fius\/social-informations-kanaele\/","title":{"rendered":"Social-\/Informations-Kan\u00e4le"},"content":{"rendered":"\n<p>Hier \u00fcberall findet ihr uns:<\/p>\n\n\n\n<h2 class=\"wp-block-heading\">Website<\/h2>\n\n\n\n<div class=\"wp-block-columns is-layout-flex wp-container-core-columns-is-layout-28f84493 wp-block-columns-is-layout-flex\">\n<div class=\"wp-block-column is-layout-flow wp-block-column-is-layout-flow\" style=\"flex-basis:25%\">\n<figure class=\"wp-block-image size-full is-resized\"><img loading=\"lazy\" decoding=\"async\" width=\"1160\" height=\"1160\" src=\"https:\/\/fius.de\/wp-content\/uploads\/2024\/01\/qr-code-fius-website.png\" alt=\"\" class=\"wp-image-2999\" style=\"width:219px;height:219px\" srcset=\"https:\/\/fius.de\/wp-content\/uploads\/2024\/01\/qr-code-fius-website.png 1160w, https:\/\/fius.de\/wp-content\/uploads\/2024\/01\/qr-code-fius-website-300x300.png 300w, https:\/\/fius.de\/wp-content\/uploads\/2024\/01\/qr-code-fius-website-150x150.png 150w, https:\/\/fius.de\/wp-content\/uploads\/2024\/01\/qr-code-fius-website-768x768.png 768w\" sizes=\"auto, (max-width: 1160px) 100vw, 1160px\" \/><\/figure>\n<\/div>\n\n\n\n<div class=\"wp-block-column is-layout-flow wp-block-column-is-layout-flow\">\n<figure class=\"wp-block-pullquote\" style=\"border-style:none;border-width:0px;border-radius:0px\"><blockquote><p><a href=\"https:\/\/fius.de\">https:\/\/fius.de<\/a><\/p><cite>Aber nachdem ihr hier seid, wisst ihr das ja schon.<\/cite><\/blockquote><\/figure>\n<\/div>\n<\/div>\n\n\n\n<h2 class=\"wp-block-heading\">Instagram<\/h2>\n\n\n\n<div class=\"wp-block-columns is-layout-flex wp-container-core-columns-is-layout-28f84493 wp-block-columns-is-layout-flex\">\n<div class=\"wp-block-column is-layout-flow wp-block-column-is-layout-flow\">\n<figure class=\"wp-block-pullquote\" style=\"border-style:none;border-width:0px\"><blockquote><p><a href=\"https:\/\/www.instagram.com\/fius.unistuttgart\/\">@fius.unistuttgart<\/a><\/p><cite>Dumme Bilder und n\u00fctzliche Infos (die man auch auf anderen Kan\u00e4len findet)<\/cite><\/blockquote><\/figure>\n<\/div>\n\n\n\n<div class=\"wp-block-column is-layout-flow wp-block-column-is-layout-flow\" style=\"flex-basis:25%\">\n<figure class=\"wp-block-image size-full is-resized\"><img loading=\"lazy\" decoding=\"async\" width=\"1155\" height=\"1155\" src=\"https:\/\/fius.de\/wp-content\/uploads\/2024\/01\/qr-code-fius-instagram.png\" alt=\"\" class=\"wp-image-2995\" style=\"width:219px;height:219px\" srcset=\"https:\/\/fius.de\/wp-content\/uploads\/2024\/01\/qr-code-fius-instagram.png 1155w, https:\/\/fius.de\/wp-content\/uploads\/2024\/01\/qr-code-fius-instagram-300x300.png 300w, https:\/\/fius.de\/wp-content\/uploads\/2024\/01\/qr-code-fius-instagram-150x150.png 150w, https:\/\/fius.de\/wp-content\/uploads\/2024\/01\/qr-code-fius-instagram-768x768.png 768w\" sizes=\"auto, (max-width: 1155px) 100vw, 1155px\" \/><\/figure>\n<\/div>\n<\/div>\n\n\n\n<h2 class=\"wp-block-heading\">Telegram-Gruppen<\/h2>\n\n\n\n<p>Es gibt Telegram-Gruppen f\u00fcr jeden Studiengang und eine f\u00fcr alle Informatik-Studieng\u00e4nge. Die Links dazu habt ihr solltet ihr per Mail bekommen haben.<\/p>\n\n\n\n<h2 class=\"wp-block-heading\">Fachgruppen-Raum<\/h2>\n\n\n\n<div class=\"wp-block-columns is-layout-flex wp-container-core-columns-is-layout-28f84493 wp-block-columns-is-layout-flex\">\n<div class=\"wp-block-column is-layout-flow wp-block-column-is-layout-flow\" style=\"flex-basis:25%\">\n<figure class=\"wp-block-image size-full is-resized\"><img loading=\"lazy\" decoding=\"async\" width=\"1155\" height=\"1155\" src=\"https:\/\/fius.de\/wp-content\/uploads\/2024\/01\/qr-code-fius-osm.png\" alt=\"\" class=\"wp-image-3007\" style=\"width:219px;height:219px\" srcset=\"https:\/\/fius.de\/wp-content\/uploads\/2024\/01\/qr-code-fius-osm.png 1155w, https:\/\/fius.de\/wp-content\/uploads\/2024\/01\/qr-code-fius-osm-300x300.png 300w, https:\/\/fius.de\/wp-content\/uploads\/2024\/01\/qr-code-fius-osm-150x150.png 150w, https:\/\/fius.de\/wp-content\/uploads\/2024\/01\/qr-code-fius-osm-768x768.png 768w\" sizes=\"auto, (max-width: 1155px) 100vw, 1155px\" \/><\/figure>\n<\/div>\n\n\n\n<div class=\"wp-block-column is-layout-flow wp-block-column-is-layout-flow\">\n<figure class=\"wp-block-pullquote\" style=\"border-style:none;border-width:0px\"><blockquote><p>Kommt gerne in <a href=\"https:\/\/www.openstreetmap.org\/?mlat=48.74549&amp;mlon=9.10667#map=18\/48.74549\/9.10667\">unserem Fachgruppenraum (UN38 0.001)<\/a> vorbei<\/p><cite>Ob wir da sind, oder nicht, seht ihr auf der Startseite<\/cite><\/blockquote><\/figure>\n<\/div>\n<\/div>\n\n\n\n<h2 class=\"wp-block-heading\">Info-Screens<\/h2>\n\n\n\n<p>Im Informatik-Geb\u00e4ude gibt es an verschiedenen Stellen Info-Screens. Auf diesen Findet ihr sowohl allgemeine Informationen, Informationen des Fachbereichs sowie Informationen von FIUS.<\/p>\n","protected":false},"excerpt":{"rendered":"<p>Hier \u00fcberall findet ihr uns: Website https:\/\/fius.de Aber nachdem ihr hier seid, wisst ihr das ja schon. Instagram @fius.unistuttgart Dumme Bilder und n\u00fctzliche Infos (die man auch auf anderen Kan\u00e4len findet) Telegram-Gruppen Es gibt Telegram-Gruppen f\u00fcr jeden Studiengang und eine f\u00fcr alle Informatik-Studieng\u00e4nge. Die Links dazu habt ihr solltet ihr per Mail bekommen haben. Fachgruppen-Raum [&hellip;]<\/p>\n","protected":false},"author":11,"featured_media":0,"parent":32,"menu_order":0,"comment_status":"closed","ping_status":"closed","template":"","meta":{"footnotes":""},"class_list":["post-2993","page","type-page","status-publish","hentry","wpbf-post"],"_links":{"self":[{"href":"https:\/\/fius.de\/index.php\/wp-json\/wp\/v2\/pages\/2993","targetHints":{"allow":["GET"]}}],"collection":[{"href":"https:\/\/fius.de\/index.php\/wp-json\/wp\/v2\/pages"}],"about":[{"href":"https:\/\/fius.de\/index.php\/wp-json\/wp\/v2\/types\/page"}],"author":[{"embeddable":true,"href":"https:\/\/fius.de\/index.php\/wp-json\/wp\/v2\/users\/11"}],"replies":[{"embeddable":true,"href":"https:\/\/fius.de\/index.php\/wp-json\/wp\/v2\/comments?post=2993"}],"version-history":[{"count":14,"href":"https:\/\/fius.de\/index.php\/wp-json\/wp\/v2\/pages\/2993\/revisions"}],"predecessor-version":[{"id":3343,"href":"https:\/\/fius.de\/index.php\/wp-json\/wp\/v2\/pages\/2993\/revisions\/3343"}],"up":[{"embeddable":true,"href":"https:\/\/fius.de\/index.php\/wp-json\/wp\/v2\/pages\/32"}],"wp:attachment":[{"href":"https:\/\/fius.de\/index.php\/wp-json\/wp\/v2\/media?parent=2993"}],"curies":[{"name":"wp","href":"https:\/\/api.w.org\/{rel}","templated":true}]}}