{"id":23,"date":"2019-05-04T14:26:56","date_gmt":"2019-05-04T14:26:56","guid":{"rendered":"https:\/\/fius.de\/test2\/?page_id=23"},"modified":"2022-01-22T21:01:08","modified_gmt":"2022-01-22T20:01:08","slug":"vertretung-in-gremien","status":"publish","type":"page","link":"https:\/\/fius.de\/index.php\/fius\/vertretung-in-gremien\/","title":{"rendered":"Gremienarbeit"},"content":{"rendered":"\n<h2 class=\"wp-block-heading\">Wir sind uniweit aktiv.<\/h2>\n\n\n\n<p>Die Selbstverwaltung der Universit\u00e4t spielt sich zu einem gro\u00dfen Teil \u00fcber Gremien ab. In fast allen offiziellen universi\u00e4ren Gremien sitzen auch studentische Mitglieder.<\/p>\n\n\n\n<h2 class=\"wp-block-heading\">Fakult\u00e4tsrat<\/h2>\n\n\n\n<p>Der Fakult\u00e4tsrat ist das wichtigste Gremium auf Fakult\u00e4tsebene. Er ist besetzt mit 9 Studierenden, 3 wissenschaftlichen Mitarbeitern, den Studiengangsmanagern und allen Professoren . Die studentischen Mitglieder werden einmal im Jahr von den Studenten der Fakult\u00e4t gew\u00e4hlt und geh\u00f6ren den Studieng\u00e4ngen Informatik und Softwaretechnik, Computerlinguistik und Elektrotechnik an.<\/p>\n\n\n\n<h2 class=\"wp-block-heading\">Studienkommission<\/h2>\n\n\n\n<p>Die Studienkommission (StuKo) ist vom Fakult\u00e4tsrat damit beauftragt, die Belange der Lehre zu diskutieren und Vorschl\u00e4ge zu machen. Die Studienkommission wird vom Studiendekan der Informatik geleitet und setzt sich zusammen aus drei weiteren Professoren, zwei Vertreterinnen\/Vertretern des akademischen Mittelbaus sowie vier studentischen Mitgliedern.<\/p>\n\n\n\n<h2 class=\"wp-block-heading\">Pr\u00fcfungsausschuss<\/h2>\n\n\n\n<p>Der Pr\u00fcfungsausschuss ist das zust\u00e4ndige Gremium f\u00fcr die Auslegung der Pr\u00fcfungsordnung in nicht ausdr\u00fccklich erw\u00e4hnten F\u00e4llen, wie z.B. Genehmigung von Nebenf\u00e4chern, die nicht im Studienplan stehen, oder Anerkennung von Studienleistungen im Ausland. Vieles entscheidet der Pr\u00fcfungsausschussvorsitzende im Eilentscheid. Im Pr\u00fcfungsausschuss sitzt (mit beratender Stimme) auch ein studentisches Mitglied, an das ihr euch mit Fragen gerne wenden k\u00f6nnt.<\/p>\n\n\n\n<h2 class=\"wp-block-heading\">Berufungskommission<\/h2>\n\n\n\n<p>Wenn eine Professorenstelle neu zu besetzen ist, wird von der Fakult\u00e4t eine Berufungskommission ins Leben gerufen, die die Ausschreibung der Stelle in die Wege leitet, die eingehenden Bewerbungen sichtet und geeignete Kandidatinnen\/Kandidaten zu Vortr\u00e4gen einl\u00e4dt.<\/p>\n\n\n\n<p>\u00dcber die besten werden dann noch Gutachten eingeholt. Anschlie\u00dfend wird von der Kommission ein Berufungsvorschlag erarbeitet, der von der Fakult\u00e4t verabschiedet und an den Senat der Universit\u00e4t weitergeleitet wird.<\/p>\n\n\n\n<p>Gerade in Berufungskommissionen ist die Gegenwart des studentischen Mitglieds besonders wichtig, da die Professoren nat\u00fcrlich in erster Linie auf wissenschaftliche Leistungen achten. Jemand muss schlie\u00dflich darauf achten, dass auch Aspekte wie Engagement in der Lehre, Vortragsstil und so weiter bedacht werden \ud83d\ude09<\/p>\n","protected":false},"excerpt":{"rendered":"<p>Wir sind uniweit aktiv. Die Selbstverwaltung der Universit\u00e4t spielt sich zu einem gro\u00dfen Teil \u00fcber Gremien ab. In fast allen offiziellen universi\u00e4ren Gremien sitzen auch studentische Mitglieder. Fakult\u00e4tsrat Der Fakult\u00e4tsrat ist das wichtigste Gremium auf Fakult\u00e4tsebene. Er ist besetzt mit 9 Studierenden, 3 wissenschaftlichen Mitarbeitern, den Studiengangsmanagern und allen Professoren . Die studentischen Mitglieder werden [&hellip;]<\/p>\n","protected":false},"author":3,"featured_media":0,"parent":32,"menu_order":0,"comment_status":"closed","ping_status":"closed","template":"","meta":{"footnotes":""},"class_list":["post-23","page","type-page","status-publish","hentry","wpbf-post"],"_links":{"self":[{"href":"https:\/\/fius.de\/index.php\/wp-json\/wp\/v2\/pages\/23","targetHints":{"allow":["GET"]}}],"collection":[{"href":"https:\/\/fius.de\/index.php\/wp-json\/wp\/v2\/pages"}],"about":[{"href":"https:\/\/fius.de\/index.php\/wp-json\/wp\/v2\/types\/page"}],"author":[{"embeddable":true,"href":"https:\/\/fius.de\/index.php\/wp-json\/wp\/v2\/users\/3"}],"replies":[{"embeddable":true,"href":"https:\/\/fius.de\/index.php\/wp-json\/wp\/v2\/comments?post=23"}],"version-history":[{"count":5,"href":"https:\/\/fius.de\/index.php\/wp-json\/wp\/v2\/pages\/23\/revisions"}],"predecessor-version":[{"id":2216,"href":"https:\/\/fius.de\/index.php\/wp-json\/wp\/v2\/pages\/23\/revisions\/2216"}],"up":[{"embeddable":true,"href":"https:\/\/fius.de\/index.php\/wp-json\/wp\/v2\/pages\/32"}],"wp:attachment":[{"href":"https:\/\/fius.de\/index.php\/wp-json\/wp\/v2\/media?parent=23"}],"curies":[{"name":"wp","href":"https:\/\/api.w.org\/{rel}","templated":true}]}}