{"id":15,"date":"2019-05-04T14:27:43","date_gmt":"2019-05-04T14:27:43","guid":{"rendered":"https:\/\/fius.de\/test2\/?page_id=15"},"modified":"2026-04-27T14:49:22","modified_gmt":"2026-04-27T12:49:22","slug":"erstsemester-master-einfuehrung","status":"publish","type":"page","link":"https:\/\/fius.de\/index.php\/studien-interessierte\/erstsemester-master-einfuehrung\/","title":{"rendered":"Erstsemester- und Mastereinf\u00fchrung"},"content":{"rendered":"\n<p><strong>Herzlich Willkommen an der Universit\u00e4t Stuttgart!<\/strong> Alle, die im kommenden Semester ein Master- oder Bachelorstudium in einem informatikaffinen Fach bei uns beginnen, sind herzlich eingeladen an unserer Erstsemestereinf\u00fchrung teilzunehmen. \ud83d\ude42<\/p>\n\n\n\n<div class=\"wp-block-group is-layout-flow wp-block-group-is-layout-flow\">\n<h2 class=\"wp-block-heading\">Telegram Gruppe<\/h2>\n\n\n\n<p>Wir werden auch dieses Jahr wieder eine Telegramgruppe f\u00fcr die Erstsemester machen. N\u00e4here Informationen werdet ihr per Mail bekommen.<\/p>\n\n\n\n<p><\/p>\n<\/div>\n\n\n\n<h2 class=\"wp-block-heading\">Programm<\/h2>\n\n\n\n<p>Hier findet ihr unser Programm und die Anmeldung daf\u00fcr: <a href=\"https:\/\/pretix.fius.de\/ese-2025\/\">https:\/\/pretix.fius.de\/ese-2025\/<\/a><\/p>\n\n\n\n<h3 class=\"wp-block-heading\">Vorkurs Theoretische Informatik<\/h3>\n\n\n\n<p>Der Theo-Vorkurs hat das Ziel euch den Einstieg in das gro\u00dfe Themengebiet der Theoretischen Informatik (von der ihr im ersten Semester die Vorlesung &#8222;Logik und diskrete Strukturen&#8220; h\u00f6ren werdet) zu erleichtern.<\/p>\n\n\n\n<p>Er findet vom 30.09. &#8211; 02.09.2025 je von 15-ca. 18 Uhr in den H\u00f6rs\u00e4len V38.01, V38.02 und V38.04 statt. Alle Infos dazu findet ihr auf der <a href=\"https:\/\/fius.de\/index.php\/studien-interessierte\/vorkurs-theoretische-informatik\/\" data-type=\"page\" data-id=\"47\">Seite zum Theo-Vorkurs<\/a><\/p>\n\n\n\n<h3 class=\"wp-block-heading\">Vorkurs PSE<\/h3>\n\n\n\n<p>Vom 06.10. &#8211; 10.10.2025 je von 13-17 Uhr findet der PSE\/Java-Vorkurs statt, der euch einen ersten Einstieg in Programmierung, im speziellen in Java gibt und euch so auf die Vorlesung &#8222;Programmierung und Softwareentwicklung&#8220; vorbereitet.<\/p>\n\n\n\n<p>Er startet am Montag (06.10.) um 13 Uhr f\u00fcr alle im H\u00f6rsaal V38.01. Alle Infos findet ihr auf der <a href=\"https:\/\/fius.de\/index.php\/studien-interessierte\/pse-vorkurs\/\">Seite zum PSE-Vorkurs<\/a><\/p>\n\n\n\n<h2 class=\"wp-block-heading\">Die Fachgruppe<\/h2>\n\n\n\n<p>Auch wir sind Studis im Fachbereich Informatik. In unserer Freizeit engagieren wir uns ehrenamtlich um anderen (und uns auch \ud83d\ude09 ) spa\u00dfige Veranstaltungen bereitzustellen, um den Uni Alltag ein bisschen entspannter zu gestalten und auch den &#8222;Studieren&#8220; Teil des Studiums stressfreier zu halten.<\/p>\n\n\n\n<p>Wir von der Fachgruppe organisieren alle m\u00f6glichen Veranstaltungen, wie z.B. Spieleabende, Karaoke, Lan Partys, Grillen, Bierpong\/Flunkyball Abende uvm. und bieten auch Leistungen an wie z.B. den Pr\u00fcfungsverleih oder einen 3D-Drucker. Au\u00dferdem stehen wir f\u00fcr Fragen jeglicher Art zur Seite, falls wir aber mal doch keine Antwort wissen, k\u00f6nnen wir euch idr. zur richtigen Stelle weiterleiten.<\/p>\n\n\n\n<p>Das Ganze funktioniert nat\u00fcrlich nur mit gen\u00fcgend Helfern, wenn du also Lust hast mitzumachen, melde dich gerne bei uns. Frage einfach in der Telegram Gruppe nach, an wen du dich wenden kannst, f\u00fcr die Sache, bei der du helfen willst.<\/p>\n\n\n\n<p>Nat\u00fcrlich gab es nicht schon immer alle Angebote, wenn du also eine Idee f\u00fcr eine Veranstaltung o.\u00e4. hast, die wir noch nicht anbieten, kannst du das bei uns umsetzen. Wir unterst\u00fctzen dich gerne bei deiner Idee und freuen uns neue Angebote anbieten zu k\u00f6nnen.<\/p>\n\n\n\n<div class=\"wp-block-group is-layout-flow wp-block-group-is-layout-flow\">\n<h2 class=\"wp-block-heading\">VVS Ticket<\/h2>\n\n\n\n<p>Ihr k\u00f6nnt als Studierende, bis 27 Jahre das Jugendticket BW (ohne Soli) kaufen. z.B. bei der <a href=\"https:\/\/www.ssb-ag.de\/tickets\/schueler-azubis-und-studierende\/deutschlandticket-jugendbw-fuer-studierende-ohne-soli\/\">SSB<\/a>. Seid ihr \u00e4lter als 27, m\u00fcsst ihr euch das regul\u00e4re Deutschlandticket oder ein anderes Ticket kaufen.<\/p>\n\n\n\n<p>Eine Semestermarke o.\u00e4. gibt es aktuell nicht.<\/p>\n<\/div>\n\n\n\n<h2 class=\"wp-block-heading\">Bei Fragen oder Unsicherheiten<\/h2>\n\n\n\n<p>Falls du noch etwas wissen willst oder dir bei etwas nicht sicher bist kannst du gerne:<\/p>\n\n\n\n<ul class=\"wp-block-list\">\n<li>deine Kommilitonen in einer der Ersti-Telegramgruppen fragen.<\/li>\n\n\n\n<li>uns von der Erstsemestereinf\u00fchrung eine Mail schreiben: <a href=\"mailto:arnis.myszkier@fius.de\">arnis.myszkier@fius.de<\/a> oder <a href=\"mailto:triin.erala@fius.de\" data-type=\"mailto\" data-id=\"mailto:triin.erala@fius.de\">triin.erala@fius.de<\/a><\/li>\n\n\n\n<li>der Fachgruppe Informatik, von der wir ein Teil sind, eine Mail schreiben: <a href=\"mailto:ak-oe@fius.de\">fius@informatik.uni-stuttgart.de<\/a><\/li>\n\n\n\n<li>der Studiengangsberatin Dr. Katrin Schneider eine Mail schreiben: <a href=\"mailto:katrin.schneider@informatik.uni-stuttgart.de\">katrin.schneider@informatik.uni-stuttgart.de<\/a><\/li>\n\n\n\n<li>mal bei uns im <a href=\"https:\/\/fius.de\/index.php\/kontak\" data-type=\"link\" data-id=\"https:\/\/fius.de\/index.php\/kontak\">Fachgruppenraum<\/a> vorbeischauen \ud83d\ude42<\/li>\n<\/ul>\n\n\n\n<h2 class=\"wp-block-heading\">Links zum Einrichten<\/h2>\n\n\n\n<p><a href=\"https:\/\/fius.de\/index.php\/studien-interessierte\/vorkurs-theoretische-informatik\/\" data-type=\"page\" data-id=\"47\">Infos zum Theo-Vorkurs<\/a><br><a href=\"https:\/\/fius.de\/index.php\/studien-interessierte\/pse-vorkurs\/\">Infos zum PSE-Vorkurs<\/a><br>IntelliJ-Installer:&nbsp;<a href=\"https:\/\/www.jetbrains.com\/idea\/download\/\" target=\"_blank\" rel=\"noreferrer noopener\">IntelliJ IDEA Community Edition<\/a> (Empfohlen)<br>Eclipse-Installer: <a href=\"https:\/\/www.eclipse.org\/downloads\/packages\/installer\">Eclipse<\/a><br>Java-Installer: <a href=\"https:\/\/adoptium.net\/\">Java<\/a><\/p>\n\n\n\n<p>WLAN einrichten:&nbsp;<a href=\"https:\/\/www.tik.uni-stuttgart.de\/dienste-a-z\/WLAN-eduroam-00001\/\" target=\"_blank\" rel=\"noreferrer noopener\"><\/a><\/p>\n\n\n\n<p><a href=\"http:\/\/geteduroam.app\">W-Lan Installer (Windows\/Android\/Ios)<\/a><br><a href=\"http:\/\/uni-stuttgart.de\/eduroam\">W-Lan Installer (Linux\/Mac)<\/a><\/p>\n\n\n\n<div class=\"wp-block-columns is-layout-flex wp-container-core-columns-is-layout-28f84493 wp-block-columns-is-layout-flex\">\n<div class=\"wp-block-column is-layout-flow wp-block-column-is-layout-flow\" style=\"flex-basis:100%\">\n<div class=\"wp-block-group is-layout-flow wp-block-group-is-layout-flow\">\n<h2 class=\"wp-block-heading\">Dinge zum Download<\/h2>\n<\/div>\n\n\n\n<table>\n    <tr>\n        <th><\/th>\n\t\t<th>Stundenplan <br> (Nur Bachelor)<\/th>\n        <th>Pr\u00fcfungsordnung<\/th>\n        <th>How-To-Vortr\u00e4ge<\/th>\n        <th>Pooleinf\u00fchrung<\/th>\n\t\t<th>Rechner einf\u00fchrungsskript<\/th>\n    <\/tr>\n    <tr>\n        <td>Informatik<\/td>\n        <td>Stundenplan B.Sc. INF<\/td>\n        <td rowspan=\"5\"><a href=\"https:\/\/www.uni-stuttgart.de\/universitaet\/aktuelles\/bekanntmachungen\/dokumente\/bekanntm_26_2025.pdf\">Pr\u00fcfungsordnung (15.9.25)<\/a><\/td>\n        <td><a href=\"https:\/\/fius.de\/wp-content\/uploads\/2025\/09\/How_To_INF.pdf\">Folien B.Sc. INF<\/a><\/td>\n        <td rowspan=\"8\">Wird noch ver\u00f6ffentlicht<\/td>\n\t\t<td rowspan=\"8\"><a href=\"https:\/\/www.zdi.uni-stuttgart.de\/rechnereinfuehrung_2018.pdf\">Rechnereinf\u00fchrung<\/a><\/td>\n    <\/tr>\n    <tr>\n\t\t<td>Software Engineering<\/td>\n        <td>Stundenplan B.Sc. SE<\/td>\n        <td><a href=\"https:\/\/fius.de\/wp-content\/uploads\/2025\/09\/How_To_SE.pdf\">Folien B.Sc. SE<\/a><\/td>\n    <\/tr>\n        <td>Medieninformatik<\/td>\n        <td>Stundenplan B.Sc. MI<\/td>\n        <td><a href=\"https:\/\/fius.de\/wp-content\/uploads\/2025\/09\/How_To_MINF.pdf\">Folien B.Sc. MI<\/a><\/td>\n    <\/tr>\n    <tr>\n        <td>Data Science<\/td>\n        <td>Stundenplan B.Sc. AI+DS<\/td>\n        <td><a href=\"https:\/\/fius.de\/wp-content\/uploads\/2025\/09\/How_To_DS.pdf\">Folien B.Sc. AIaDS<\/a><\/td>\n    <tr>\n        <td>Lehramt<\/td>\n        <td>Stundenplan B.Sc LA-INF<\/td>\n        <td><a href=\"https:\/\/fius.de\/wp-content\/uploads\/2025\/09\/HowTo_Bachelor-Lehramt_2025.pdf\">Folien B.Sc. LA-INF<\/a><\/td>\n    <\/tr>\n    <tr>\n        <td>Master Informatik<\/td>\n        <td><\/td>\n        <td rowspan=\"3\"><a href=\"https:\/\/www.uni-stuttgart.de\/universitaet\/aktuelles\/bekanntmachungen\/dokumente\/bekanntm_37_2022.pdf\">Pr\u00fcfungsordnung (1.7.22)<\/a><\/td>\n        <td rowspan=\"3\"><a href=\"https:\/\/fius.de\/wp-content\/uploads\/2026\/03\/howto_master_all.pdf\">Folien M.Sc.<\/a><\/td>\n    <\/tr>\n\t<tr>\n        <td>Master Software Engineering<\/td>\n        <td><\/td>\n\t<\/tr>\n\t<tr>\n        <td>Master AIaDS<\/td>\n        <td><\/td>\n\t<\/tr>\n<\/table>\n<\/div>\n<\/div>\n","protected":false},"excerpt":{"rendered":"<p>Herzlich Willkommen an der Universit\u00e4t Stuttgart! Alle, die im kommenden Semester ein Master- oder Bachelorstudium in einem informatikaffinen Fach bei uns beginnen, sind herzlich eingeladen an unserer Erstsemestereinf\u00fchrung teilzunehmen. \ud83d\ude42 Telegram Gruppe Wir werden auch dieses Jahr wieder eine Telegramgruppe f\u00fcr die Erstsemester machen. N\u00e4here Informationen werdet ihr per Mail bekommen. Programm Hier findet ihr [&hellip;]<\/p>\n","protected":false},"author":4,"featured_media":0,"parent":29,"menu_order":0,"comment_status":"closed","ping_status":"closed","template":"","meta":{"footnotes":""},"class_list":["post-15","page","type-page","status-publish","hentry","wpbf-post"],"_links":{"self":[{"href":"https:\/\/fius.de\/index.php\/wp-json\/wp\/v2\/pages\/15","targetHints":{"allow":["GET"]}}],"collection":[{"href":"https:\/\/fius.de\/index.php\/wp-json\/wp\/v2\/pages"}],"about":[{"href":"https:\/\/fius.de\/index.php\/wp-json\/wp\/v2\/types\/page"}],"author":[{"embeddable":true,"href":"https:\/\/fius.de\/index.php\/wp-json\/wp\/v2\/users\/4"}],"replies":[{"embeddable":true,"href":"https:\/\/fius.de\/index.php\/wp-json\/wp\/v2\/comments?post=15"}],"version-history":[{"count":124,"href":"https:\/\/fius.de\/index.php\/wp-json\/wp\/v2\/pages\/15\/revisions"}],"predecessor-version":[{"id":3741,"href":"https:\/\/fius.de\/index.php\/wp-json\/wp\/v2\/pages\/15\/revisions\/3741"}],"up":[{"embeddable":true,"href":"https:\/\/fius.de\/index.php\/wp-json\/wp\/v2\/pages\/29"}],"wp:attachment":[{"href":"https:\/\/fius.de\/index.php\/wp-json\/wp\/v2\/media?parent=15"}],"curies":[{"name":"wp","href":"https:\/\/api.w.org\/{rel}","templated":true}]}}

Erstsemester- und Mastereinführung

<p><strong>Herzlich Willkommen an der Universität Stuttgart!</strong> Alle, die im kommenden Semester ein Master- oder Bachelorstudium in einem informatikaffinen Fach bei uns beginnen, sind herzlich eingeladen an unserer Erstsemestereinführung teilzunehmen. 🙂</p>



<div class="wp-block-group is-layout-flow wp-block-group-is-layout-flow">
<h2 class="wp-block-heading">Telegram Gruppe</h2>



<p>Wir werden auch dieses Jahr wieder eine Telegramgruppe für die Erstsemester machen. Nähere Informationen werdet ihr per Mail bekommen.</p>



<p></p>
</div>



<h2 class="wp-block-heading">Programm</h2>



<p>Hier findet ihr unser Programm und die Anmeldung dafür: <a href="https://pretix.fius.de/ese-2025/">https://pretix.fius.de/ese-2025/</a></p>



<h3 class="wp-block-heading">Vorkurs Theoretische Informatik</h3>



<p>Der Theo-Vorkurs hat das Ziel euch den Einstieg in das große Themengebiet der Theoretischen Informatik (von der ihr im ersten Semester die Vorlesung &#8222;Logik und diskrete Strukturen&#8220; hören werdet) zu erleichtern.</p>



<p>Er findet vom 30.09. &#8211; 02.09.2025 je von 15-ca. 18 Uhr in den Hörsälen V38.01, V38.02 und V38.04 statt. Alle Infos dazu findet ihr auf der <a href="https://fius.de/index.php/studien-interessierte/vorkurs-theoretische-informatik/" data-type="page" data-id="47">Seite zum Theo-Vorkurs</a></p>



<h3 class="wp-block-heading">Vorkurs PSE</h3>



<p>Vom 06.10. &#8211; 10.10.2025 je von 13-17 Uhr findet der PSE/Java-Vorkurs statt, der euch einen ersten Einstieg in Programmierung, im speziellen in Java gibt und euch so auf die Vorlesung &#8222;Programmierung und Softwareentwicklung&#8220; vorbereitet.</p>



<p>Er startet am Montag (06.10.) um 13 Uhr für alle im Hörsaal V38.01. Alle Infos findet ihr auf der <a href="https://fius.de/index.php/studien-interessierte/pse-vorkurs/">Seite zum PSE-Vorkurs</a></p>



<h2 class="wp-block-heading">Die Fachgruppe</h2>



<p>Auch wir sind Studis im Fachbereich Informatik. In unserer Freizeit engagieren wir uns ehrenamtlich um anderen (und uns auch 😉 ) spaßige Veranstaltungen bereitzustellen, um den Uni Alltag ein bisschen entspannter zu gestalten und auch den &#8222;Studieren&#8220; Teil des Studiums stressfreier zu halten.</p>



<p>Wir von der Fachgruppe organisieren alle möglichen Veranstaltungen, wie z.B. Spieleabende, Karaoke, Lan Partys, Grillen, Bierpong/Flunkyball Abende uvm. und bieten auch Leistungen an wie z.B. den Prüfungsverleih oder einen 3D-Drucker. Außerdem stehen wir für Fragen jeglicher Art zur Seite, falls wir aber mal doch keine Antwort wissen, können wir euch idr. zur richtigen Stelle weiterleiten.</p>



<p>Das Ganze funktioniert natürlich nur mit genügend Helfern, wenn du also Lust hast mitzumachen, melde dich gerne bei uns. Frage einfach in der Telegram Gruppe nach, an wen du dich wenden kannst, für die Sache, bei der du helfen willst.</p>



<p>Natürlich gab es nicht schon immer alle Angebote, wenn du also eine Idee für eine Veranstaltung o.ä. hast, die wir noch nicht anbieten, kannst du das bei uns umsetzen. Wir unterstützen dich gerne bei deiner Idee und freuen uns neue Angebote anbieten zu können.</p>



<div class="wp-block-group is-layout-flow wp-block-group-is-layout-flow">
<h2 class="wp-block-heading">VVS Ticket</h2>



<p>Ihr könnt als Studierende, bis 27 Jahre das Jugendticket BW (ohne Soli) kaufen. z.B. bei der <a href="https://www.ssb-ag.de/tickets/schueler-azubis-und-studierende/deutschlandticket-jugendbw-fuer-studierende-ohne-soli/">SSB</a>. Seid ihr älter als 27, müsst ihr euch das reguläre Deutschlandticket oder ein anderes Ticket kaufen.</p>



<p>Eine Semestermarke o.ä. gibt es aktuell nicht.</p>
</div>



<h2 class="wp-block-heading">Bei Fragen oder Unsicherheiten</h2>



<p>Falls du noch etwas wissen willst oder dir bei etwas nicht sicher bist kannst du gerne:</p>



<ul class="wp-block-list">
<li>deine Kommilitonen in einer der Ersti-Telegramgruppen fragen.</li>



<li>uns von der Erstsemestereinführung eine Mail schreiben: <a href="mailto:arnis.myszkier@fius.de">arnis.myszkier@fius.de</a> oder <a href="mailto:triin.erala@fius.de" data-type="mailto" data-id="mailto:triin.erala@fius.de">triin.erala@fius.de</a></li>



<li>der Fachgruppe Informatik, von der wir ein Teil sind, eine Mail schreiben: <a href="mailto:ak-oe@fius.de">fius@informatik.uni-stuttgart.de</a></li>



<li>der Studiengangsberatin Dr. Katrin Schneider eine Mail schreiben: <a href="mailto:katrin.schneider@informatik.uni-stuttgart.de">katrin.schneider@informatik.uni-stuttgart.de</a></li>



<li>mal bei uns im <a href="https://fius.de/index.php/kontak" data-type="link" data-id="https://fius.de/index.php/kontak">Fachgruppenraum</a> vorbeischauen 🙂</li>
</ul>



<h2 class="wp-block-heading">Links zum Einrichten</h2>



<p><a href="https://fius.de/index.php/studien-interessierte/vorkurs-theoretische-informatik/" data-type="page" data-id="47">Infos zum Theo-Vorkurs</a><br><a href="https://fius.de/index.php/studien-interessierte/pse-vorkurs/">Infos zum PSE-Vorkurs</a><br>IntelliJ-Installer:&nbsp;<a href="https://www.jetbrains.com/idea/download/" target="_blank" rel="noreferrer noopener">IntelliJ IDEA Community Edition</a> (Empfohlen)<br>Eclipse-Installer: <a href="https://www.eclipse.org/downloads/packages/installer">Eclipse</a><br>Java-Installer: <a href="https://adoptium.net/">Java</a></p>



<p>WLAN einrichten:&nbsp;<a href="https://www.tik.uni-stuttgart.de/dienste-a-z/WLAN-eduroam-00001/" target="_blank" rel="noreferrer noopener"></a></p>



<p><a href="http://geteduroam.app">W-Lan Installer (Windows/Android/Ios)</a><br><a href="http://uni-stuttgart.de/eduroam">W-Lan Installer (Linux/Mac)</a></p>



<div class="wp-block-columns is-layout-flex wp-container-core-columns-is-layout-28f84493 wp-block-columns-is-layout-flex">
<div class="wp-block-column is-layout-flow wp-block-column-is-layout-flow" style="flex-basis:100%">
<div class="wp-block-group is-layout-flow wp-block-group-is-layout-flow">
<h2 class="wp-block-heading">Dinge zum Download</h2>
</div>



<table>
    <tr>
        <th></th>
		<th>Stundenplan <br> (Nur Bachelor)</th>
        <th>Prüfungsordnung</th>
        <th>How-To-Vorträge</th>
        <th>Pooleinführung</th>
		<th>Rechner einführungsskript</th>
    </tr>
    <tr>
        <td>Informatik</td>
        <td>Stundenplan B.Sc. INF</td>
        <td rowspan="5"><a href="https://www.uni-stuttgart.de/universitaet/aktuelles/bekanntmachungen/dokumente/bekanntm_26_2025.pdf">Prüfungsordnung (15.9.25)</a></td>
        <td><a href="https://fius.de/wp-content/uploads/2025/09/How_To_INF.pdf">Folien B.Sc. INF</a></td>
        <td rowspan="8">Wird noch veröffentlicht</td>
		<td rowspan="8"><a href="https://www.zdi.uni-stuttgart.de/rechnereinfuehrung_2018.pdf">Rechnereinführung</a></td>
    </tr>
    <tr>
		<td>Software Engineering</td>
        <td>Stundenplan B.Sc. SE</td>
        <td><a href="https://fius.de/wp-content/uploads/2025/09/How_To_SE.pdf">Folien B.Sc. SE</a></td>
    </tr>
        <td>Medieninformatik</td>
        <td>Stundenplan B.Sc. MI</td>
        <td><a href="https://fius.de/wp-content/uploads/2025/09/How_To_MINF.pdf">Folien B.Sc. MI</a></td>
    </tr>
    <tr>
        <td>Data Science</td>
        <td>Stundenplan B.Sc. AI+DS</td>
        <td><a href="https://fius.de/wp-content/uploads/2025/09/How_To_DS.pdf">Folien B.Sc. AIaDS</a></td>
    <tr>
        <td>Lehramt</td>
        <td>Stundenplan B.Sc LA-INF</td>
        <td><a href="https://fius.de/wp-content/uploads/2025/09/HowTo_Bachelor-Lehramt_2025.pdf">Folien B.Sc. LA-INF</a></td>
    </tr>
    <tr>
        <td>Master Informatik</td>
        <td></td>
        <td rowspan="3"><a href="https://www.uni-stuttgart.de/universitaet/aktuelles/bekanntmachungen/dokumente/bekanntm_37_2022.pdf">Prüfungsordnung (1.7.22)</a></td>
        <td rowspan="3"><a href="https://fius.de/wp-content/uploads/2026/03/howto_master_all.pdf">Folien M.Sc.</a></td>
    </tr>
	<tr>
        <td>Master Software Engineering</td>
        <td></td>
	</tr>
	<tr>
        <td>Master AIaDS</td>
        <td></td>
	</tr>
</table>
</div>
</div>

<p>Herzlich Willkommen an der Universität Stuttgart! Alle, die im kommenden Semester ein Master- oder Bachelorstudium in einem informatikaffinen Fach bei uns beginnen, sind herzlich eingeladen an unserer Erstsemestereinführung teilzunehmen. 🙂 Telegram Gruppe Wir werden auch dieses Jahr wieder eine Telegramgruppe für die Erstsemester machen. Nähere Informationen werdet ihr per Mail bekommen. Programm Hier findet ihr [&hellip;]</p>
